 2. Calculate z(g).
-8
Let r(k) = 3*k + 1. Let b(x) = -5*x - 1. Let y(h) = -2*b(h) - 5*r(h). Let z = 6 - 5. Suppose a = -z - 3, f + a = -6. Determine y(f).
7
Let r(c) = -2*c + 5. Let z = 22 - 17. Calculate r(z).
-5
Suppose -5*l - 3*i - 27 = 0, 2*i = 3*l - 5 + 25. Let s = l + 15. Let u be 2/(15/s + -2). Let f(p) = 2*p + 9. Calculate f(u).
-3
Let b(l) = l**3 + l**2. Let w(a) = 3*a**3 + 2*a**2 + 21. Let n(d) = -2*b(d) + w(d). Give n(0).
21
Let y(v) = 2*v**2 - v - 2. Let i be (18/15)/((-12)/40). Let q be (-1)/(-4) - 11/i. Suppose -5*h = q + 7. Determine y(h).
8
Suppose -4 = 4*h - 2*h. Let t be 1/(((-4)/6)/h). Let x(v) = v - 2. Let z(m) = m - 3. Let i(k) = 4*x(k) - 3*z(k). What is i(t)?
4
Suppose 7*h = 12*h - 5. Let p(f) = 5*f**2 + 7*f - 5. Let s(i) = 11*i**2 + 15*i - 11. Let j(v) = -13*p(v) + 6*s(v). Determine j(h).
-1
Let l(p) be the first derivative of p**5/20 + p**4/3 + 5*p**3/6 + 3*p**2/2 - p - 2. Let r(b) be the first derivative of l(b). Give r(-3).
-3
Let s(a) = -a**3 - 6*a**2 + 2. Let v = -1 - 4. Let z = -11 - v. What is s(z)?
2
Suppose -1 + 13 = 4*p. Let c(z) = p*z - z + 7 + 2. Calculate c(-6).
-3
Let s(n) = -2*n + 3*n - 2 + 1. Let d = 44 - 24. Suppose d = g - 5*g. Calculate s(g).
-6
Let n(a) be the third derivative of -a**4/8 + a**3/2 - 53*a**2. Calculate n(3).
-6
Let j be (-3)/(-5) - 628/(-20). Suppose 0*p = 4*p - j. Let m(q) = -4*q - p + 2*q + 0*q + 3*q. Determine m(4).
-4
Let z(p) = -2*p + 7. Let i be 6 + (-1 - -1)/(-4). Give z(i).
-5
Suppose -2*s + 6*s + 24 = 0. Let y be 68/(-20) - s/(-10). Let q(b) = 18 - 2*b - 13 - 4. What is q(y)?
9
Let y(t) = 0*t**2 + 3 - 29*t**3 + 28*t**3 + 0*t**2 + 2*t. Let j = -4 - -9. Let r = j - 7. What is y(r)?
7
Let h(c) = -13*c**2 - 3*c + 7. Let f(m) = 20*m**2 + 5*m - 11. Let d(a) = 5*f(a) + 8*h(a). What is d(-1)?
-4
Let j(n) = n**3 - 5*n**2 - 7*n + 3. Let l be j(6). Let z(m) = m**2 + 3*m. Calculate z(l).
0
Let t(x) = -x + 6. Let z = 8 + -8. Give t(z).
6
Let j(l) = l**3 - 6*l**2 + l - 4. Let x = 7 + -3. Suppose x*u = -u + 30. Give j(u).
2
Let c(z) be the first derivative of 1 - 2/3*z**3 - 1/2*z**2 + 0*z - 11/4*z**4. Give c(-1).
10
Suppose 0 = 3*k - 2 + 11. Let a(r) = -r**2 - 4*r - 3. Give a(k).
0
Let h(i) = -248 + 248 + i. Suppose x + 2 = 2*x. Suppose 3*m = 2*m - x. Calculate h(m).
-2
Let f = -64 - -63. Let l(j) = 2*j**2 - j - 1. What is l(f)?
2
Let a(f) = 44 + 7*f - 40 + 0*f - f**2. Determine a(5).
14
Let b(n) = -41*n + 1. Let z be b(-1). Suppose -z = -3*x - 12. Let u = 6 - x. Let r(t) = -t**2 - 4*t - 6. Give r(u).
-6
Let a(b) be the second derivative of b**3/3 + b**2 - 13*b. What is a(-4)?
-6
Let v(h) = h + 3. Let t(z) = -2*z. Suppose q - 4*b - 9 = 0, -6*b = -5*q - b. Let x be t(q). Give v(x).
9
Let j(s) = 36*s - 113*s + 10 + 45*s + 35*s. Give j(-4).
-2
Let j(l) = 2*l**2 - 13*l - 12. Let u be j(7). Let p(i) = i**3 + 6*i**2 + 2*i - 2. Calculate p(u).
13
Let b(r) = r**3 - r**2 + r. Let m(q) = -3*q**2 + 4*q + 1. Let v(c) = 2*b(c) - m(c). Let j = 4 + -6. Give v(j).
-9
Let m(h) = h**2 + 15*h + 14. Let t(w) = -w**2 - 14*w - 13. Let p(j) = 5*m(j) + 6*t(j). Let c(r) = 3*r + 11. Let v be c(-6). Give p(v).
6
Suppose 12 = 5*m + 32. Let q(j) = 14*j**3 + 8*j**2 - 5*j - 23. Let d(k) = 5*k**3 + 3*k**2 - 2*k - 8. Let r(h) = 17*d(h) - 6*q(h). Give r(m).
2
Let a(h) = h**3 - 3*h**2 + 2*h - 1. Let k(b) = -3*b - 1. Let z be k(-3). Let j(t) = t**2 - 8*t + 2. Let f be j(z). Give a(f).
-1
Let x = -34 + 33. Let u(j) be the third derivative of -j**6/24 + j**5/60 - j**3/6 + j**2. Give u(x).
5
Let g(k) be the second derivative of -k**5/20 - k**4/4 + k**3/2 - 5*k**2/2 - 26*k. Calculate g(-4).
-1
Let j(b) = b + 2. Let k(a) = -2*a - 24. Let h be k(-14). Suppose -h*c - 4*l = -32, 7*l - 4 = c + 4*l. Calculate j(c).
7
Let g(r) = 2*r - 4. Let j(d) = -1. Let q(h) = g(h) - 2*j(h). What is q(2)?
2
Let z(i) = 2*i + 8. Let g(k) = 1. Let s(y) = -4*g(y) + z(y). What is s(-4)?
-4
Let y = -12 - -8. Let i(z) = 5 + 4*z**2 - 5*z**2 + 18*z - 22*z. Give i(y).
5
Let k(w) = -2*w + 6. Let b be (-2)/(-7) + (-141)/(-21). Suppose 27 - b = -5*o, -12 = 4*a + 4*o. Let l be (7 - a)/(-3) + 6. What is k(l)?
-2
Let b(v) = -v**2 + 8*v - 4. Let w be ((-2 - -6)/(-4))/(2/(-10)). Determine b(w).
11
Let l(j) = -j**3 + 8*j**2 - 4*j - 1. Let b(k) = k**2 - 6*k. Let c be b(7). Determine l(c).
20
Let c(t) be the third derivative of t**5/60 - t**4/3 - 8*t**2. Give c(6).
-12
Let u(m) = -m**3 - 4*m**2 - 2*m + 5. Let p(n) = -n - 3. Let r be p(1). What is u(r)?
13
Let j(t) = t. Suppose -4*m = 6 + 6. Let u be m/12 - 36/(-16). Determine j(u).
2
Let q(r) = 2*r**2 - 7 - 2 + 11 - 2*r. Suppose 0 = j + j - 2. Let h be 2 - j - (-1 - 0). What is q(h)?
6
Let l(w) = 1 - 131*w - 1 + 132*w. Let r = -10 - -16. Calculate l(r).
6
Suppose 5*h + 4*q = 25, 5*h + 2*q = 4*h + 5. Let n(a) = -5*a + 7. Let f(g) = g. Let s(p) = 2*f(p) + n(p). Calculate s(h).
-8
Suppose 4*a - 5*a = -5*u - 3, -2*u - 15 = -5*a. Let m(c) be the third derivative of 0 + 7/24*c**4 + 0*c + 0*c**a - 2*c**2. Calculate m(1).
7
Let s(b) = -b**2 + b + 1. Let u be s(-1). Let i be 1/(18/15 + u). Let n(f) = -f**3 + 26*f**2 - 7 - 22*f**2 + 4*f + 2*f. Calculate n(i).
-2
Let f(w) = 2*w**3 - 15*w**2 - 5*w + 10. Let v = 7 - 7. Let u(n) = -5 + v*n**3 + 7*n**2 - n + 3*n - n**3 + 0. Let a(h) = -2*f(h) - 5*u(h). Give a(4).
-11
Let g = 38 - 27. Suppose 6 = q - 2*v, 0 = 2*q - 5*q - v + g. Let f(a) = -2*a + q*a - 5*a. Determine f(1).
-3
Suppose 6 = -s - 2*s. Let f = 3 - s. Let u(i) = -4*i**2 + 6*i. Let w(q) = q**2 - q + 1. Let g(v) = u(v) + 3*w(v). What is g(f)?
-7
Suppose 3*u - 3 = 15. Let f = 2 + -1. Let o(w) = w**2 + 0 + 2 - u*w - w + f. Determine o(3).
-9
Let b(p) = 2*p**3 + 2*p**2 + 3*p + 3. Let c(l) = 3*l**3 + 3*l**2 + 5*l + 4. Let a(y) = -8*b(y) + 5*c(y). Let n be a(0). Let v(z) = z**2 + 3*z - 5. What is v(n)?
-1
Suppose 0*v = -v - d, -5*v + 4*d = -9. Let j be -2 + (5 - 2 - -1). Let x(u) = u**2 + 7*u**j + 2*u - 3*u. Give x(v).
7
Let t be ((-8)/12)/(2/(-3)). Let s(z) = -z + 24 - 25 - 2*z. Determine s(t).
-4
Suppose w + 2 = 2*w. Let g(f) = -2*f**3 - f**2 + 3*f - 11. Let h(o) = -o**3 + o - 5. Let k(i) = -3*g(i) + 7*h(i). What is k(w)?
-2
Let i(d) = d**2 - 7*d + 6. Let c(v) = -v**2 + 9*v + 14. Let u be c(10). What is i(u)?
-6
Let w(z) = -z**2 - 4*z + 3. Let x(r) be the second derivative of -5*r**4/12 - 17*r**3/6 + 13*r**2/2 - 5*r. Let j(c) = 9*w(c) - 2*x(c). Give j(1).
0
Let i(s) = -2*s + 4. Suppose 0 = 3*u - 5*u + 10, -2*r + 5 = -u. What is i(r)?
-6
Let i(a) = 5*a + 3 + 2*a**2 - 11*a + 5 - a**2. Let w(b) = -b**2 + 7*b - 8. Let l(s) = -6*i(s) - 5*w(s). What is l(0)?
-8
Let n = 1 + 4. Let s(r) = 17*r - 4*r**2 + 3*r**2 - 10*r - 7. Determine s(n).
3
Suppose 51 = 16*o - 61. Let t(j) = -j**2 + 10*j - 4. Calculate t(o).
17
Let m be (3 - 3)/(-1 - -4). Let u(q) = q**2 + 19. Determine u(m).
19
Let b(i) = i**3 - 7*i**2 + 7*i - 7. Suppose -5*o = 3*z - 18, 3*z = -6 - 6. Let c be b(o). Let q(j) = 6*j**3 + j**2. What is q(c)?
-5
Let g(k) be the third derivative of 1/6*k**3 + 0*k - k**2 + 0 + 1/60*k**5 + 1/6*k**4. Let r be (-2)/(4/5)*2. Determine g(r).
6
Let u(r) be the first derivative of r**4/4 + 4*r**3/3 + r**2 + 4*r - 1. Let q be (-31)/(-3) + (-6)/18. Let t be (-38)/q + (-1)/5. What is u(t)?
-4
Let k(r) = -5*r - 3. Let s be k(-2). Let z = 10 - s. Let p be (-1)/z + 42/(-9). Let j(b) = -b**2 - 5*b - 2. Calculate j(p).
-2
Let v be -7*(-2)/(3 - 1). Let d(r) = 3 + 2 + 0 - v*r - 2. Calculate d(2).
-11
Let u(m) = -m**2 + 7*m - 7. Let c be u(5). Let q(o) = -3*o**2 + 5*o - 19. Let p(v) = -v**2 + 2*v - 6. Let x(y) = 7*p(y) - 2*q(y). Give x(c).
-1
Suppose 2*m = m + 3. Let y(u) = 2 + m*u + 0 - 5. Let i(x) = x + 7. Let d be i(-5). Give y(d).
3
Let o be (4/1)/((-6)/(-3)). Let j(m) = -5 - 2 + m**2 + 3*m + o*m. What is j(-6)?
-1
Let m be 5 + -5 + -1 + 4. Let v(w) = 2*w**2 - 5*w + 3. Calculate v(m).
6
Let h(t) = -t - 6 - 5*t**2 - t - t**3 - 5*t. Suppose 4*k - 5*i + 33 = 0, 0 = 4*k + k + i + 5. Let a be -1 - (3 + 0/k). Give h(a).
6
Let z = 0 - -3. Let w(v) = 2*v**2 - 1 - 3 - 3*v + 4*v**2 - v**z. Let k = -3 - -8. Calculate w(k).
6
Suppose 0 = 3*a - 3*z, 20 = 7*a - 2*a - z. Let h(b) = -b + 2. Give h(a).
-3
Let w(c) = -c**3 - 5*c**2 + 4. Let d be 12/54 - (-4)/(-18). Suppose 4*t + d = -20. Determine w(t).
4
Let b(z) = -z + 2. Let v(c) be the third derivative of c**6/120 + c